{"id":357,"date":"2026-04-15T07:44:07","date_gmt":"2026-04-15T05:44:07","guid":{"rendered":"https:\/\/www.dm5.be\/?page_id=357"},"modified":"2026-04-15T08:27:47","modified_gmt":"2026-04-15T06:27:47","slug":"carte-skakotrol","status":"publish","type":"page","link":"https:\/\/www.dm5.be\/index.php\/carte-skakotrol\/","title":{"rendered":"R\u00e9paration Carte SKAKOTROL 745101 &#8211; C 400V + carte d&rsquo;extension SKAKOPAC 745160"},"content":{"rendered":"\n<p class=\"has-text-align-center\">R\u00e9paration d\u2019un contr\u00f4leur vibrateur type Skakotrol (marque d\u00e9pos\u00e9e)<\/p>\n\n\n\n<p class=\"has-text-align-center\">R\u00e9paration r\u00e9alis\u00e9e hors r\u00e9seau constructeur \u2013 \u00e0 usage informatif<\/p>\n\n\n\n<p class=\"has-text-align-center\">Les marques mentionn\u00e9es restent la propri\u00e9t\u00e9 de leurs d\u00e9tenteurs respectifs.<\/p>\n\n\n\n<figure class=\"wp-block-table\"><table class=\"has-fixed-layout\"><tbody><tr><td>745101 &#8211; C 400V<\/td><td><\/td><\/tr><tr><td colspan=\"2\">360V-440V 15A 50Hz 040C \/ VIB 4D-50D 50Hz<br>Extension <strong>SKAKOPAC<\/strong> <strong>G\/F<\/strong> nr 745160<\/td><\/tr><\/tbody><\/table><\/figure>\n\n\n\n<figure class=\"wp-block-image size-large\"><img fetchpriority=\"high\" decoding=\"async\" width=\"872\" height=\"1024\" src=\"https:\/\/www.dm5.be\/wp-content\/uploads\/2026\/04\/20260328_145128-872x1024.jpg\" alt=\"\" class=\"wp-image-381\" srcset=\"https:\/\/www.dm5.be\/wp-content\/uploads\/2026\/04\/20260328_145128-872x1024.jpg 872w, https:\/\/www.dm5.be\/wp-content\/uploads\/2026\/04\/20260328_145128-255x300.jpg 255w, https:\/\/www.dm5.be\/wp-content\/uploads\/2026\/04\/20260328_145128-768x902.jpg 768w, https:\/\/www.dm5.be\/wp-content\/uploads\/2026\/04\/20260328_145128-1307x1536.jpg 1307w, https:\/\/www.dm5.be\/wp-content\/uploads\/2026\/04\/20260328_145128-1743x2048.jpg 1743w, https:\/\/www.dm5.be\/wp-content\/uploads\/2026\/04\/20260328_145128.jpg 2037w\" sizes=\"(max-width: 872px) 100vw, 872px\" \/><\/figure>\n\n\n\n<hr class=\"wp-block-separator has-alpha-channel-opacity is-style-wide\"\/>\n\n\n\n<p>Les exemples pr\u00e9sent\u00e9s sont fournis \u00e0 titre illustratif. Les informations sensibles ont \u00e9t\u00e9 masqu\u00e9es afin de pr\u00e9server la confidentialit\u00e9.<\/p>\n\n\n\n<p>Les \u00e9quipements pr\u00e9sent\u00e9s sont issus de fabricants reconnus. Les d\u00e9faillances observ\u00e9es r\u00e9sultent g\u00e9n\u00e9ralement de l\u2019usure normale des composants, d\u2019une utilisation prolong\u00e9e ou de facteurs externes, et ne remettent pas en cause la qualit\u00e9 ni la conception du mat\u00e9riel.<\/p>\n\n\n\n<hr class=\"wp-block-separator has-alpha-channel-opacity is-style-wide\"\/>\n\n\n\n<details class=\"wp-block-details is-layout-flow wp-block-details-is-layout-flow\"><summary>\u2022 Nettoyage approfondi des cartes \u00e9lectroniques et connecteurs<br>\u00a0\u00a0\u00a0\u00a0\u00a0 (\u00c9quipement exploit\u00e9 dans un environnement industriel avec exposition importante de poussi\u00e8res min\u00e9rales type cimenterie)<br>\u00a0\u00a0\u00a0 \u2022 Remplacement des composants d\u00e9fectueux<br>\u00a0\u00a0\u00a0 \u2022 R\u00e9paration des pistes PCB d\u00e9fectueuses avec reconstruction des conducteurs,   <br>application d\u2019un rev\u00eatement isolant de protection (vernis type UV) pour assurer la fiabilit\u00e9 \u00e9lectrique et la durabilit\u00e9.<br>\u00a0<br>\u00a0\u00a0 \u2022 Conform\u00e9ment aux bonnes pratiques de maintenance \u00e9lectronique industrielle :<br>\u00a0\u00a0\u00a0\u00a0\u00a0 Remplacement pr\u00e9ventif des composants sensibles de l\u2019\u00e9tage de puissance<br>\u00a0\u00a0\u00a0\u00a0\u00a0 (condensateurs, varistances, r\u00e9sistances de puissance), ainsi que le contr\u00f4le<br>\u00a0\u00a0\u00a0\u00a0\u00a0 et la validation de la commande optocoupl\u00e9e, afin de s\u00e9curiser le fonctionnement et d\u2019am\u00e9liorer la fiabilit\u00e9 \u00e0 long terme.<br>\u00a0\u00a0\u00a0 \u2022 Contr\u00f4le des soudures et des points critiques<br>\u00a0\u00a0\u00a0 \u2022 Application d\u2019un vernis de protection \u00e9lectronique<br>\u00a0<br>4. Remise en service et validation<br>\u00a0\u00a0\u00a0 \u2022 Remontage complet de l\u2019\u00e9quipement<br>\u00a0\u00a0\u00a0 \u2022 V\u00e9rification des fonctions principales<br>\u00a0\u00a0\u00a0 \u2022 Test fonctionnel<br>\u00a0\u00a0\u00a0 \u2022 Test des tensions du transformateur primaire \/ secondaire<br>\u00a0\u00a0\u00a0 \u2022 Test des tensions r\u00e9gul\u00e9e -12V \/ +12V \/ +3.5V <br>\u00a0\u00a0\u00a0 \u2022 Test des entr\u00e9es 4\/20mA &#8211; 0\/10V \u2013 Switch ON\/OFF + Remote\/Local \u2013 Potentiom\u00e8tre 0\/100%<br>\u00a0\u00a0\u00a0 \u2022 Test de la carte auxiliaire\u00a0: relais 24 VDC, AOP et contact remote 24 VDC<br>\u00a0\u00a0\u00a0 \u2022 Test de la commande thyristor, synchro (50Hz) et d\u00e9phasage sous consignes<br>\u00a0\u00a0\u00a0 \u2022 Test de la sortie de puissance thyristor en charge et synchronisation<br>\u00a0\u00a0\u00a0 \u2022 Essai prolong\u00e9 sous tension (burn-in 24 heures) afin de v\u00e9rifier la stabilit\u00e9 du syst\u00e8me<\/summary>\n<p><\/p>\n<\/details>\n\n\n\n<div style=\"height:100px\" aria-hidden=\"true\" class=\"wp-block-spacer\"><\/div>\n\n\n\n<figure class=\"wp-block-image aligncenter size-large\"><img decoding=\"async\" width=\"1024\" height=\"592\" src=\"https:\/\/www.dm5.be\/wp-content\/uploads\/2026\/04\/20260328_133444-1024x592.jpg\" alt=\"\" class=\"wp-image-366\" srcset=\"https:\/\/www.dm5.be\/wp-content\/uploads\/2026\/04\/20260328_133444-1024x592.jpg 1024w, https:\/\/www.dm5.be\/wp-content\/uploads\/2026\/04\/20260328_133444-300x173.jpg 300w, https:\/\/www.dm5.be\/wp-content\/uploads\/2026\/04\/20260328_133444-768x444.jpg 768w, https:\/\/www.dm5.be\/wp-content\/uploads\/2026\/04\/20260328_133444-1536x888.jpg 1536w, https:\/\/www.dm5.be\/wp-content\/uploads\/2026\/04\/20260328_133444-2048x1184.jpg 2048w\" sizes=\"(max-width: 1024px) 100vw, 1024px\" \/><\/figure>\n\n\n\n<figure class=\"wp-block-image aligncenter size-large\"><img decoding=\"async\" width=\"462\" height=\"1024\" src=\"https:\/\/www.dm5.be\/wp-content\/uploads\/2026\/04\/20260316_214245-462x1024.jpg\" alt=\"\" class=\"wp-image-359\" srcset=\"https:\/\/www.dm5.be\/wp-content\/uploads\/2026\/04\/20260316_214245-462x1024.jpg 462w, https:\/\/www.dm5.be\/wp-content\/uploads\/2026\/04\/20260316_214245-135x300.jpg 135w, https:\/\/www.dm5.be\/wp-content\/uploads\/2026\/04\/20260316_214245-768x1704.jpg 768w, https:\/\/www.dm5.be\/wp-content\/uploads\/2026\/04\/20260316_214245-692x1536.jpg 692w, https:\/\/www.dm5.be\/wp-content\/uploads\/2026\/04\/20260316_214245-923x2048.jpg 923w, https:\/\/www.dm5.be\/wp-content\/uploads\/2026\/04\/20260316_214245-scaled.jpg 1154w\" sizes=\"(max-width: 462px) 100vw, 462px\" \/><\/figure>\n\n\n\n<figure class=\"wp-block-image size-large\"><img loading=\"lazy\" decoding=\"async\" width=\"1024\" height=\"501\" src=\"https:\/\/www.dm5.be\/wp-content\/uploads\/2026\/04\/20260328_133605-1024x501.jpg\" alt=\"\" class=\"wp-image-370\" srcset=\"https:\/\/www.dm5.be\/wp-content\/uploads\/2026\/04\/20260328_133605-1024x501.jpg 1024w, https:\/\/www.dm5.be\/wp-content\/uploads\/2026\/04\/20260328_133605-300x147.jpg 300w, https:\/\/www.dm5.be\/wp-content\/uploads\/2026\/04\/20260328_133605-768x376.jpg 768w, https:\/\/www.dm5.be\/wp-content\/uploads\/2026\/04\/20260328_133605-1536x752.jpg 1536w, https:\/\/www.dm5.be\/wp-content\/uploads\/2026\/04\/20260328_133605-2048x1002.jpg 2048w\" sizes=\"(max-width: 1024px) 100vw, 1024px\" \/><\/figure>\n\n\n\n<figure class=\"wp-block-image size-large\"><img loading=\"lazy\" decoding=\"async\" width=\"715\" height=\"1024\" src=\"https:\/\/www.dm5.be\/wp-content\/uploads\/2026\/04\/20260404_160315-715x1024.jpg\" alt=\"\" class=\"wp-image-385\" srcset=\"https:\/\/www.dm5.be\/wp-content\/uploads\/2026\/04\/20260404_160315-715x1024.jpg 715w, https:\/\/www.dm5.be\/wp-content\/uploads\/2026\/04\/20260404_160315-210x300.jpg 210w, https:\/\/www.dm5.be\/wp-content\/uploads\/2026\/04\/20260404_160315-768x1100.jpg 768w, https:\/\/www.dm5.be\/wp-content\/uploads\/2026\/04\/20260404_160315-1073x1536.jpg 1073w, https:\/\/www.dm5.be\/wp-content\/uploads\/2026\/04\/20260404_160315.jpg 1160w\" sizes=\"(max-width: 715px) 100vw, 715px\" \/><\/figure>\n\n\n\n<figure class=\"wp-block-image size-large\"><img loading=\"lazy\" decoding=\"async\" width=\"641\" height=\"1024\" src=\"https:\/\/www.dm5.be\/wp-content\/uploads\/2026\/04\/20260404_162901-641x1024.jpg\" alt=\"\" class=\"wp-image-386\" srcset=\"https:\/\/www.dm5.be\/wp-content\/uploads\/2026\/04\/20260404_162901-641x1024.jpg 641w, https:\/\/www.dm5.be\/wp-content\/uploads\/2026\/04\/20260404_162901-188x300.jpg 188w, https:\/\/www.dm5.be\/wp-content\/uploads\/2026\/04\/20260404_162901-768x1227.jpg 768w, https:\/\/www.dm5.be\/wp-content\/uploads\/2026\/04\/20260404_162901-961x1536.jpg 961w, https:\/\/www.dm5.be\/wp-content\/uploads\/2026\/04\/20260404_162901.jpg 1045w\" sizes=\"(max-width: 641px) 100vw, 641px\" \/><\/figure>\n\n\n\n<figure class=\"wp-block-image size-large\"><img loading=\"lazy\" decoding=\"async\" width=\"1024\" height=\"462\" src=\"https:\/\/www.dm5.be\/wp-content\/uploads\/2026\/04\/20260325_204622-1024x462.jpg\" alt=\"\" class=\"wp-image-365\" srcset=\"https:\/\/www.dm5.be\/wp-content\/uploads\/2026\/04\/20260325_204622-1024x462.jpg 1024w, https:\/\/www.dm5.be\/wp-content\/uploads\/2026\/04\/20260325_204622-300x135.jpg 300w, https:\/\/www.dm5.be\/wp-content\/uploads\/2026\/04\/20260325_204622-768x346.jpg 768w, https:\/\/www.dm5.be\/wp-content\/uploads\/2026\/04\/20260325_204622-1536x692.jpg 1536w, https:\/\/www.dm5.be\/wp-content\/uploads\/2026\/04\/20260325_204622-2048x923.jpg 2048w\" sizes=\"(max-width: 1024px) 100vw, 1024px\" \/><\/figure>\n\n\n\n<figure class=\"wp-block-image size-large\"><img loading=\"lazy\" decoding=\"async\" width=\"872\" height=\"1024\" src=\"https:\/\/www.dm5.be\/wp-content\/uploads\/2026\/04\/20260328_133713-872x1024.jpg\" alt=\"\" class=\"wp-image-373\" srcset=\"https:\/\/www.dm5.be\/wp-content\/uploads\/2026\/04\/20260328_133713-872x1024.jpg 872w, https:\/\/www.dm5.be\/wp-content\/uploads\/2026\/04\/20260328_133713-255x300.jpg 255w, https:\/\/www.dm5.be\/wp-content\/uploads\/2026\/04\/20260328_133713-768x902.jpg 768w, https:\/\/www.dm5.be\/wp-content\/uploads\/2026\/04\/20260328_133713-1308x1536.jpg 1308w, https:\/\/www.dm5.be\/wp-content\/uploads\/2026\/04\/20260328_133713-1743x2048.jpg 1743w\" sizes=\"(max-width: 872px) 100vw, 872px\" \/><\/figure>\n\n\n\n<figure class=\"wp-block-image aligncenter size-large\"><img loading=\"lazy\" decoding=\"async\" width=\"1024\" height=\"860\" src=\"https:\/\/www.dm5.be\/wp-content\/uploads\/2026\/04\/20260328_133732-1024x860.jpg\" alt=\"\" class=\"wp-image-374\" srcset=\"https:\/\/www.dm5.be\/wp-content\/uploads\/2026\/04\/20260328_133732-1024x860.jpg 1024w, https:\/\/www.dm5.be\/wp-content\/uploads\/2026\/04\/20260328_133732-300x252.jpg 300w, https:\/\/www.dm5.be\/wp-content\/uploads\/2026\/04\/20260328_133732-768x645.jpg 768w, https:\/\/www.dm5.be\/wp-content\/uploads\/2026\/04\/20260328_133732-1536x1290.jpg 1536w, https:\/\/www.dm5.be\/wp-content\/uploads\/2026\/04\/20260328_133732-2048x1720.jpg 2048w\" sizes=\"(max-width: 1024px) 100vw, 1024px\" \/><\/figure>\n\n\n\n<figure class=\"wp-block-image aligncenter size-large\"><img loading=\"lazy\" decoding=\"async\" width=\"675\" height=\"1024\" src=\"https:\/\/www.dm5.be\/wp-content\/uploads\/2026\/04\/20260328_133526-675x1024.jpg\" alt=\"\" class=\"wp-image-368\" srcset=\"https:\/\/www.dm5.be\/wp-content\/uploads\/2026\/04\/20260328_133526-675x1024.jpg 675w, https:\/\/www.dm5.be\/wp-content\/uploads\/2026\/04\/20260328_133526-198x300.jpg 198w, https:\/\/www.dm5.be\/wp-content\/uploads\/2026\/04\/20260328_133526-768x1164.jpg 768w, https:\/\/www.dm5.be\/wp-content\/uploads\/2026\/04\/20260328_133526-1013x1536.jpg 1013w, https:\/\/www.dm5.be\/wp-content\/uploads\/2026\/04\/20260328_133526-1351x2048.jpg 1351w, https:\/\/www.dm5.be\/wp-content\/uploads\/2026\/04\/20260328_133526-scaled.jpg 1689w\" sizes=\"(max-width: 675px) 100vw, 675px\" \/><\/figure>\n\n\n\n<figure class=\"wp-block-image aligncenter size-large\"><img fetchpriority=\"high\" decoding=\"async\" width=\"872\" height=\"1024\" src=\"https:\/\/www.dm5.be\/wp-content\/uploads\/2026\/04\/20260328_145128-872x1024.jpg\" alt=\"\" class=\"wp-image-381\" srcset=\"https:\/\/www.dm5.be\/wp-content\/uploads\/2026\/04\/20260328_145128-872x1024.jpg 872w, https:\/\/www.dm5.be\/wp-content\/uploads\/2026\/04\/20260328_145128-255x300.jpg 255w, https:\/\/www.dm5.be\/wp-content\/uploads\/2026\/04\/20260328_145128-768x902.jpg 768w, https:\/\/www.dm5.be\/wp-content\/uploads\/2026\/04\/20260328_145128-1307x1536.jpg 1307w, https:\/\/www.dm5.be\/wp-content\/uploads\/2026\/04\/20260328_145128-1743x2048.jpg 1743w, https:\/\/www.dm5.be\/wp-content\/uploads\/2026\/04\/20260328_145128.jpg 2037w\" sizes=\"(max-width: 872px) 100vw, 872px\" \/><\/figure>\n\n\n\n<figure class=\"wp-block-image aligncenter size-large\"><img loading=\"lazy\" decoding=\"async\" width=\"504\" height=\"1024\" src=\"https:\/\/www.dm5.be\/wp-content\/uploads\/2026\/04\/20260328_161003-504x1024.jpg\" alt=\"\" class=\"wp-image-382\" srcset=\"https:\/\/www.dm5.be\/wp-content\/uploads\/2026\/04\/20260328_161003-504x1024.jpg 504w, https:\/\/www.dm5.be\/wp-content\/uploads\/2026\/04\/20260328_161003-148x300.jpg 148w, https:\/\/www.dm5.be\/wp-content\/uploads\/2026\/04\/20260328_161003-768x1561.jpg 768w, https:\/\/www.dm5.be\/wp-content\/uploads\/2026\/04\/20260328_161003-756x1536.jpg 756w, https:\/\/www.dm5.be\/wp-content\/uploads\/2026\/04\/20260328_161003-1008x2048.jpg 1008w, https:\/\/www.dm5.be\/wp-content\/uploads\/2026\/04\/20260328_161003-scaled.jpg 1260w\" sizes=\"(max-width: 504px) 100vw, 504px\" \/><\/figure>\n\n\n\n<hr class=\"wp-block-separator has-alpha-channel-opacity is-style-wide\"\/>\n\n\n\n<div style=\"height:100px\" aria-hidden=\"true\" class=\"wp-block-spacer\"><\/div>\n\n\n<ul class=\"wp-block-page-list\"><li class=\"wp-block-pages-list__item\"><a class=\"wp-block-pages-list__item__link\" href=\"https:\/\/www.dm5.be\/index.php\/carte-skakotrol\/\">R\u00e9paration Carte SKAKOTROL 745101 &#8211; C 400V + carte d&rsquo;extension SKAKOPAC 745160<\/a><\/li><li class=\"wp-block-pages-list__item\"><a class=\"wp-block-pages-list__item__link\" href=\"https:\/\/www.dm5.be\/index.php\/precia-molen\/\">R\u00e9paration Indicateur \/ Pupitre \/ HMI Precia Molen  I410 D-N<\/a><\/li><li class=\"wp-block-pages-list__item\"><a class=\"wp-block-pages-list__item__link\" href=\"https:\/\/www.dm5.be\/index.php\/reparation-electronique-variateur-controleur-moteur-ebm-chw050-aa01-70\/\">R\u00e9paration \u00e9lectronique variateur \/ contr\u00f4leur moteur EBM CHW050-AA01-70<\/a><\/li><li class=\"wp-block-pages-list__item\"><a class=\"wp-block-pages-list__item__link\" href=\"https:\/\/www.dm5.be\/index.php\/repair-hmi-pro-face-pl6920-t42-pl6920-pl-7920-series-panel-computer-full-black-screen-and-or-front-led-error-flashing\/\">Repair HMI Pro-face PL6920-T42 (PL6920\/PL-7920 series Panel Computer). Full black screen and or front led error flashing.<\/a><\/li><li class=\"wp-block-pages-list__item\"><a class=\"wp-block-pages-list__item__link\" href=\"https:\/\/www.dm5.be\/index.php\/four-industriel\/\">R\u00e9paration et reconditionnement d&rsquo;un four industriel.<\/a><\/li><li class=\"wp-block-pages-list__item\"><a class=\"wp-block-pages-list__item__link\" href=\"https:\/\/www.dm5.be\/index.php\/autres\/\">R\u00e9gulateur \/ afficheur Yokogawa UT\/UM<\/a><\/li><li class=\"wp-block-pages-list__item\"><a class=\"wp-block-pages-list__item__link\" href=\"https:\/\/www.dm5.be\/index.php\/systeme-damplification-de-signal\/\">R\u00e9paration amplificateur de signal<\/a><\/li><li class=\"wp-block-pages-list__item\"><a class=\"wp-block-pages-list__item__link\" href=\"https:\/\/www.dm5.be\/index.php\/reparation-systeme-de-pesee-vehicule\/\">R\u00e9paration syst\u00e8me de pes\u00e9e v\u00e9hicule SWI Scales Intercomp<\/a><\/li><li class=\"wp-block-pages-list__item\"><a class=\"wp-block-pages-list__item__link\" href=\"https:\/\/www.dm5.be\/index.php\/computer-scales-longacre\/\">R\u00e9paration Computer Scales Longacre DXI\/ Longacre Racing\u00a0DXI Wireless Computer Scales Four<\/a><\/li><li class=\"wp-block-pages-list__item\"><a class=\"wp-block-pages-list__item__link\" href=\"https:\/\/www.dm5.be\/index.php\/de-lidee-a-la-production-conception-sur-mesure-de-pcb-du-prototype-a-la-serie\/\">De l\u2019id\u00e9e \u00e0 la production : conception sur mesure de PCB, du prototype \u00e0 la s\u00e9rie<\/a><\/li><li class=\"wp-block-pages-list__item\"><a class=\"wp-block-pages-list__item__link\" href=\"https:\/\/www.dm5.be\/index.php\/conditions-generales-de-vente\/\">Conditions g\u00e9n\u00e9rales de vente<\/a><\/li><li class=\"wp-block-pages-list__item\"><a class=\"wp-block-pages-list__item__link\" href=\"https:\/\/www.dm5.be\/index.php\/contact\/\">Contact<\/a><\/li><\/ul>","protected":false},"excerpt":{"rendered":"<p>R\u00e9paration d\u2019un contr\u00f4leur vibrateur type Skakotrol (marque d\u00e9pos\u00e9e) R\u00e9paration r\u00e9alis\u00e9e hors r\u00e9seau constructeur \u2013 \u00e0 usage informatif Les marques mentionn\u00e9es restent la propri\u00e9t\u00e9 de leurs d\u00e9tenteurs respectifs. 745101 &#8211; C 400V 360V-440V 15A 50Hz 040C \/ VIB 4D-50D 50HzExtension SKAKOPAC G\/F nr 745160 Les exemples pr\u00e9sent\u00e9s sont fournis \u00e0 titre illustratif. Les informations sensibles ont [&hellip;]<\/p>\n","protected":false},"author":1,"featured_media":0,"parent":0,"menu_order":0,"comment_status":"closed","ping_status":"closed","template":"","meta":{"footnotes":""},"class_list":["post-357","page","type-page","status-publish","hentry"],"_links":{"self":[{"href":"https:\/\/www.dm5.be\/index.php\/wp-json\/wp\/v2\/pages\/357","targetHints":{"allow":["GET"]}}],"collection":[{"href":"https:\/\/www.dm5.be\/index.php\/wp-json\/wp\/v2\/pages"}],"about":[{"href":"https:\/\/www.dm5.be\/index.php\/wp-json\/wp\/v2\/types\/page"}],"author":[{"embeddable":true,"href":"https:\/\/www.dm5.be\/index.php\/wp-json\/wp\/v2\/users\/1"}],"replies":[{"embeddable":true,"href":"https:\/\/www.dm5.be\/index.php\/wp-json\/wp\/v2\/comments?post=357"}],"version-history":[{"count":6,"href":"https:\/\/www.dm5.be\/index.php\/wp-json\/wp\/v2\/pages\/357\/revisions"}],"predecessor-version":[{"id":481,"href":"https:\/\/www.dm5.be\/index.php\/wp-json\/wp\/v2\/pages\/357\/revisions\/481"}],"wp:attachment":[{"href":"https:\/\/www.dm5.be\/index.php\/wp-json\/wp\/v2\/media?parent=357"}],"curies":[{"name":"wp","href":"https:\/\/api.w.org\/{rel}","templated":true}]}}